-2*j + 2*x, 3*x = -5*j + o + 9. What are the prime factors of (-170)/(-15) + (-2)/j?
11
Let r = 1355 - -528. List the prime factors of r.
7, 269
Suppose -3*u + 964 + 3893 = 0. List the prime factors of u.
1619
Let p be ((-2)/5)/(3/15). Let s be 1/(p/(-102)) - 3. Let x = -32 + s. List the prime factors of x.
2
What are the prime factors of 9*3*3/27 + 1183?
2, 593
Let m be -4 - (3 + (-3 - -10)). Let k = -10 - m. Suppose -k*l = -l - 39. What are the prime factors of l?
13
Let m be (18/(-4))/(9/36). Let q(n) be the first derivative of n**3/3 + 17*n**2/2 - 3*n + 3. What are the prime factors of q(m)?
3, 5
Suppose 5*p = 2*p - 39. Let r(c) = -1 + 0 + 14 - c**2 - 12*c + 5. What are the prime factors of r(p)?
5
Suppose 25*n = 6966 + 2159. List the prime factors of n.
5, 73
Let r(v) be the first derivative of v**4/4 + v**3/3 - v**2/2 + 160*v + 5. What are the prime factors of r(0)?
2, 5
Let o(l) = 2 - 2*l**2 + 13*l - l**3 - 4*l - 15*l. List the prime factors of o(-4).
2, 29
Suppose -r - 392 = -2*x - 16, -5*x + 4*r + 937 = 0. Suppose 0 = -0*z - 3*z + x. What are the prime factors of z?
3, 7
Let t(g) = -g**2 - 13*g - 14. Let d(a) = -a**2 - 12*a - 13. Let r(w) = -4*d(w) + 3*t(w). Let q be r(-11). Suppose -2*f - 10 = -q. List the prime factors of f.
11
Let b(f) = -17. Let m(q) = -q - 1. Let j(g) = -b(g) + 4*m(g). Let a be j(-10). Let i = a - 34. What are the prime factors of i?
19
Let q(f) = -18*f + 2912. What are the prime factors of q(0)?
2, 7, 13
What are the prime factors of 18/63 + 2 + 29648/14?
2, 5, 53
Suppose -11*w + 185 + 79 = 0. Suppose -k = 5*f - 24, 2*k = 4*f + 4*k - w. What are the prime factors of f?
2
Let c be 3882/(-30) + (-2)/(-5). Let x = -58 - c. Suppose -5*o - 4*a = -99, -4*o + x = -2*a - 29. What are the prime factors of o?
23
Suppose -c - 3*u + 830 = -1430, -5*c + 11243 = -4*u. What are the prime factors of c?
2251
Suppose -u + 3*u + 5*c = 4659, -6981 = -3*u - 5*c. What are the prime factors of 4/(-7) + u/21?
2, 5, 11
Suppose 3 + 5 = 4*d. Let n(a) = 6 - 20*a**2 - 1 + 21*a**d + 12*a. What are the prime factors of n(-14)?
3, 11
Let t(f) = -f**2 - 6*f - 3. Let w be t(-5). What are the prime factors of (-831)/(-12)*2 + w/4?
139
Let i be (-108)/(-10) - (-6)/30. List the prime factors of (1*i)/(7*1/42).
2, 3, 11
Let a(j) = 60*j - 11. List the prime factors of a(3).
13
Let u be (-7 - -11) + -1 + 1. Suppose u*h - 122 = -2*w + w, w + 126 = 4*h. List the prime factors of h.
31
Suppose -6*d + 606 = 36. Let u = 195 - d. List the prime factors of u.
2, 5
Let c = 29 + -25. Suppose 2*s + c*d = 167 + 43, -s - d + 104 = 0. List the prime factors of s.
103
Suppose 0 = -4*b - 4*y + 336, -y = 3*b - 85 - 157. Let t = -36 + b. List the prime factors of t.
43
Let p be (-165)/(-40) - 2/16. Suppose c = -3*c + 2*w + 548, -3*w = -p*c + 544. List the prime factors of c.
139
Let g = -4 + 7. Suppose -h + 3*k = 3, h + k + 1 = g*k. Suppose 4*f = -c - 0*f + 46, h*c - 202 = 4*f. List the prime factors of c.
2, 31
Suppose -13*c - 2*c + 1005 = 0. Suppose -n + 79 = -c. What are the prime factors of n?
2, 73
Suppose 3*v + 2310 = 4*v. Let a be v/(-20) + (-2)/4. List the prime factors of ((-1)/1)/(4/a).
29
Let u be (-3)/(-9) + 5038/6. Let w be (2/5)/(4/u). Suppose 5*v - 12 - w = 2*j, -2*j + 4 = 0. List the prime factors of v.
2, 5
List the prime factors of 1/(5/25) - -178.
3, 61
Let d(k) = -503*k - 106. List the prime factors of d(-2).
2, 3, 5
Let q(d) = 4*d + 10. Let b be q(12). Let j = -21 + b. Let h = j + -14. What are the prime factors of h?
23
Let x = -50 + 57. Suppose -1 = 2*t - 5. Suppose x*d = t*d + 105. What are the prime factors of d?
3, 7
Suppose -2*r + 5*b = 162, -4*b + 88 - 286 = 2*r. Let u(d) = 50*d + 350. Let q be u(-4). Let l = q + r. List the prime factors of l.
59
Let c = -12 + 14. Suppose -4*q - 7 = 3*g, c*q + 1 = 5*q - 4*g. List the prime factors of (-1 + (-16)/4)*q.
5
Let u = 71 + 292. What are the prime factors of u?
3, 11
Let t be 4 + (-1 - -172 - 4). Suppose 0 = -a + 7 + t. What are the prime factors of a?
2, 89
Let m(l) = 96*l**2 + 7*l - 7. List the prime factors of m(1).
2, 3
Suppose -4 + 8 = t. Suppose 2*o + t = 10. Suppose -k = -o*k + 46. List the prime factors of k.
23
Let r(d) = 486*d + 870. List the prime factors of r(7).
2, 3, 89
Suppose -3*h + p = -11023, -8*h + 10*h + 4*p - 7330 = 0. List the prime factors of h.
3673
List the prime factors of (1 + -3 - -712) + (-24)/12.
2, 3, 59
Let l be ((-4230)/36)/(2/(-4)). Suppose -48*j = -53*j + l. What are the prime factors of j?
47
Let r be ((-1)/(-2))/(2/(-120)*-5). Suppose 0 = -r*h + 3*h + 609. What are the prime factors of h?
7, 29
Suppose -4*n - 67 + 19 = 0. What are the prime factors of n/6 + (0 - -76)?
2, 37
Let s be (1 + 7)/(-4) - -1. Let d = 1 - s. Suppose 5*x - d*x - 60 = 0. What are the prime factors of x?
2, 5
Let r be 4/14 - 148/28. Let j be (-8)/36 - (-75)/(-27). Let g = j - r. List the prime factors of g.
2
Let c = -582 + 953. List the prime factors of c.
7, 53
Let h(s) = -13*s + 251. List the prime factors of h(-41).
2, 7
Let u be (-2)/11 - 707/(-77). Let d(o) = 7*o**2 - u*o**2 + 1 + 30*o**3 + 3*o - 3*o. What are the prime factors of d(1)?
29
Suppose -3*i + 4395 = -3*u, -5855 = 28*i - 32*i + 5*u. List the prime factors of i.
2, 3, 5, 7
What are the prime factors of -7 + (-8252)/(-20) - 2/(-5)?
2, 7, 29
What are the prime factors of (0 + 8 - 4)/((-36)/(-57294))?
2, 3, 1061
Let f = -242 - -379. List the prime factors of f.
137
Suppose 0 = -l - 1, 0*l - 5*l = -j + 9. List the prime factors of 2/j + 452/8.
3, 19
Suppose -10824 = 16*p - 20*p. What are the prime factors of p?
2, 3, 11, 41
Let j be -2 - 1 - (-5 + 40). Let q be 9*(j/6 + 3). Let z = q + 37. List the prime factors of z.
7
Let u = 11 - 5. Let c(v) = 2*v**2 - 7*v - 11. Let x be c(u). Suppose 0 = 2*l - x - 55. What are the prime factors of l?
37
Let k(q) = 2*q**2 - 33*q + 24. List the prime factors of k(41).
19, 107
Let t = 1830 + 3068. What are the prime factors of t?
2, 31, 79
Suppose 0 = -4*t - 16, -4*z - 62 = 2*t + 10. Let n = z + 21. Suppose -n*v = -17 - 143. What are the prime factors of v?
2
Suppose i - 4*h = 4*i + 8, 0 = -2*h + 2. List the prime factors of (-3)/i + (-2475)/(-44).
3, 19
Let f be ((-12)/18)/(2/(-6)). Let l(x) = -84 - 2*x**f + 3*x - 12*x + 85. What are the prime factors of l(-4)?
5
Let y(w) = -w**3 + 3*w**2 + w - 1. Let v be y(3). Let u be (28/(-42))/(v/9). What are the prime factors of ((-104)/(-24))/((-1)/u)?
13
What are the prime factors of ((-2490)/(-25))/(8/20 + 0)?
3, 83
Let z(n) = 21*n**2. Suppose 5*s + f = 1, 4*f + 0*f + 17 = s. Let b be z(s). Suppose -64 = -u - 3*k, -4*k + b = 4*u - 243. What are the prime factors of u?
67
Let v(l) = 66 - 44 + 3*l - 14*l. What are the prime factors of v(-2)?
2, 11
List the prime factors of 270/810 + -406*2/(-3).
271
Suppose -5*g - 2970 = -27*g. List the prime factors of g.
3, 5
Suppose -4*j - 11952 = -20*j. List the prime factors of j.
3, 83
List the prime factors of (1 - 79)*(18 - 20).
2, 3, 13
Let v be (3/6*1)/(2/20). Let o be (4/6)/((-1)/3). List the prime factors of ((-1)/o)/(v/290).
29
Let o = 899 - 317. What are the prime factors of o?
2, 3, 97
Suppose -3*l = m - 15, -2*m = -0*m - 6. Suppose o + 3*o + 4*x = 0, 5*o + l*x = 5. Let a(g) = 3*g - 6. List the prime factors of a(o).
3
Let c(b) = 13*b**2 + 21*b + 93. List the prime factors of c(-5).
313
Let u(h) = h**2 - 5*h - 11. Let l be u(7). Suppose -5*b + 52 = 2*a, 0*b = b + l*a. Suppose 3*r = -0*r + b. List the prime factors of r.
2
Let y = -315 + 317. What are the prime factors of y?
2
Let j = 170 + -64. Suppose 4*c = 2*c + j. Suppose c = s + 18. List the prime factors of s.
5, 7
Let t(g) = -2*g**3 - 4*g**2 + 7*g - 8. Let w(v) = 3*v**3 + 3*v**2 - 6*v + 8. Let c(m) = 4*t(m) + 3*w(m). List the prime factors of c(8).
2, 17
Suppose -3*n + 318 = -0*n - 4*m, -m = 3*n - 318. List the prime factors of (-2)/1 + 0 + n/2.
3, 17
Let k = 4769 - 2941. List the prime factors of k.
2, 457
Let d = 270 + -153. What are the prime factors of (12/3 - 7) + d?
2, 3, 19
Suppose 0 = -h, 333*o + 9318 = 335*o + 4*h. What are the prime factors of o?
3, 1553
Let c(z) = z**3 + 6*z**2 - 8*z - 4. Let p be c(-7). Let x be 72/2*(-1)/(-2). Suppose -2*s + p*s - x = 0. What are the prime factors of s?
2, 3
Let k(c) = -c**3 - c**2 - 4*c - 4. Let 